{"id":1500,"date":"2022-02-15T19:36:56","date_gmt":"2022-02-15T18:36:56","guid":{"rendered":"http:\/\/duvisuel.ch\/fotoscope\/?page_id=1500"},"modified":"2022-10-02T20:47:43","modified_gmt":"2022-10-02T18:47:43","slug":"phosphorescence","status":"publish","type":"page","link":"http:\/\/duvisuel.ch\/fotoscope\/phosphorescence\/","title":{"rendered":"phosphorescence"},"content":{"rendered":"\t\t<div data-elementor-type=\"wp-page\" data-elementor-id=\"1500\" class=\"elementor elementor-1500\" data-elementor-settings=\"[]\">\n\t\t\t\t\t\t\t<div class=\"elementor-section-wrap\">\n\t\t\t\t\t\t\t<section class=\"elementor-section elementor-top-section elementor-element elementor-element-b136db9 elementor-section-boxed elementor-section-height-default elementor-section-height-default\" data-id=\"b136db9\" data-element_type=\"section\">\n\t\t\t\t\t\t<div class=\"elementor-container elementor-column-gap-default\">\n\t\t\t\t\t<div class=\"elementor-column elementor-col-100 elementor-top-column elementor-element elementor-element-b47e906\" data-id=\"b47e906\" data-element_type=\"column\">\n\t\t\t<div class=\"elementor-widget-wrap elementor-element-populated\">\n\t\t\t\t\t\t\t\t<div class=\"elementor-element elementor-element-d006f01 elementor-widget elementor-widget-text-editor\" data-id=\"d006f01\" data-element_type=\"widget\" data-widget_type=\"text-editor.default\">\n\t\t\t\t<div class=\"elementor-widget-container\">\n\t\t\t<style>\/*! elementor - v3.5.5 - 03-02-2022 *\/\n.elementor-widget-text-editor.elementor-drop-cap-view-stacked .elementor-drop-cap{background-color:#818a91;color:#fff}.elementor-widget-text-editor.elementor-drop-cap-view-framed .elementor-drop-cap{color:#818a91;border:3px solid;background-color:transparent}.elementor-widget-text-editor:not(.elementor-drop-cap-view-default) .elementor-drop-cap{margin-top:8px}.elementor-widget-text-editor:not(.elementor-drop-cap-view-default) .elementor-drop-cap-letter{width:1em;height:1em}.elementor-widget-text-editor .elementor-drop-cap{float:left;text-align:center;line-height:1;font-size:50px}.elementor-widget-text-editor .elementor-drop-cap-letter{display:inline-block}<\/style>\t\t\t\t<p>PHOSPHORESCENCE (territoire liquide)<\/p><p>projet de fresque\u00a0 (x32) &#8211; 42x60cm\/image<br \/>Oc\u00e9 Fine Art Paper 120g\/m\u00b2 -Papier textur\u00e9 de haute qualit\u00e9_<br \/>prix impression fresque ( 32 images) : 900 frs<br \/>Accrochage des tirages bruts avec clous extra fins &#8211; (si espace\/mur indoor)<\/p>\t\t\t\t\t\t<\/div>\n\t\t\t\t<\/div>\n\t\t\t\t\t<\/div>\n\t\t<\/div>\n\t\t\t\t\t\t\t<\/div>\n\t\t<\/section>\n\t\t\t\t<section class=\"elementor-section elementor-top-section elementor-element elementor-element-6c4c009 elementor-section-boxed elementor-section-height-default elementor-section-height-default\" data-id=\"6c4c009\" data-element_type=\"section\">\n\t\t\t\t\t\t<div class=\"elementor-container elementor-column-gap-default\">\n\t\t\t\t\t<div class=\"elementor-column elementor-col-50 elementor-top-column elementor-element elementor-element-59daf07\" data-id=\"59daf07\" data-element_type=\"column\">\n\t\t\t<div class=\"elementor-widget-wrap elementor-element-populated\">\n\t\t\t\t\t\t\t\t<div class=\"elementor-element elementor-element-580cf56 elementor-widget elementor-widget-image\" data-id=\"580cf56\" data-element_type=\"widget\" data-widget_type=\"image.default\">\n\t\t\t\t<div class=\"elementor-widget-container\">\n\t\t\t<style>\/*! elementor - v3.5.5 - 03-02-2022 *\/\n.elementor-widget-image{text-align:center}.elementor-widget-image a{display:inline-block}.elementor-widget-image a img[src$=\".svg\"]{width:48px}.elementor-widget-image img{vertical-align:middle;display:inline-block}<\/style>\t\t\t\t\t\t\t\t\t\t\t\t<img loading=\"lazy\" decoding=\"async\" width=\"705\" height=\"1000\" src=\"http:\/\/duvisuel.ch\/fotoscope\/wp-content\/uploads\/2022\/02\/FRESQUE-JUSTE-X32_Page_2-copie.jpg\" class=\"attachment-large size-large\" alt=\"\" srcset=\"http:\/\/duvisuel.ch\/fotoscope\/wp-content\/uploads\/2022\/02\/FRESQUE-JUSTE-X32_Page_2-copie.jpg 705w, http:\/\/duvisuel.ch\/fotoscope\/wp-content\/uploads\/2022\/02\/FRESQUE-JUSTE-X32_Page_2-copie-212x300.jpg 212w\" sizes=\"auto, (max-width: 705px) 100vw, 705px\" \/>\t\t\t\t\t\t\t\t\t\t\t\t\t\t\t<\/div>\n\t\t\t\t<\/div>\n\t\t\t\t\t<\/div>\n\t\t<\/div>\n\t\t\t\t<div class=\"elementor-column elementor-col-50 elementor-top-column elementor-element elementor-element-5ada6fa\" data-id=\"5ada6fa\" data-element_type=\"column\">\n\t\t\t<div class=\"elementor-widget-wrap elementor-element-populated\">\n\t\t\t\t\t\t\t\t<div class=\"elementor-element elementor-element-bb9354d elementor-widget elementor-widget-image\" data-id=\"bb9354d\" data-element_type=\"widget\" data-widget_type=\"image.default\">\n\t\t\t\t<div class=\"elementor-widget-container\">\n\t\t\t\t\t\t\t\t\t\t\t\t\t\t\t<img loading=\"lazy\" decoding=\"async\" width=\"707\" height=\"1000\" src=\"http:\/\/duvisuel.ch\/fotoscope\/wp-content\/uploads\/2022\/02\/FRESQUE-JUSTE-X32_Page_1-copie.jpg\" class=\"attachment-large size-large\" alt=\"\" srcset=\"http:\/\/duvisuel.ch\/fotoscope\/wp-content\/uploads\/2022\/02\/FRESQUE-JUSTE-X32_Page_1-copie.jpg 707w, http:\/\/duvisuel.ch\/fotoscope\/wp-content\/uploads\/2022\/02\/FRESQUE-JUSTE-X32_Page_1-copie-212x300.jpg 212w\" sizes=\"auto, (max-width: 707px) 100vw, 707px\" \/>\t\t\t\t\t\t\t\t\t\t\t\t\t\t\t<\/div>\n\t\t\t\t<\/div>\n\t\t\t\t\t<\/div>\n\t\t<\/div>\n\t\t\t\t\t\t\t<\/div>\n\t\t<\/section>\n\t\t\t\t<section class=\"elementor-section elementor-top-section elementor-element elementor-element-044333c elementor-section-boxed elementor-section-height-default elementor-section-height-default\" data-id=\"044333c\" data-element_type=\"section\">\n\t\t\t\t\t\t<div class=\"elementor-container elementor-column-gap-default\">\n\t\t\t\t\t<div class=\"elementor-column elementor-col-50 elementor-top-column elementor-element elementor-element-7153d99\" data-id=\"7153d99\" data-element_type=\"column\">\n\t\t\t<div class=\"elementor-widget-wrap elementor-element-populated\">\n\t\t\t\t\t\t\t\t<div class=\"elementor-element elementor-element-de78619 elementor-widget elementor-widget-text-editor\" data-id=\"de78619\" data-element_type=\"widget\" data-widget_type=\"text-editor.default\">\n\t\t\t\t<div class=\"elementor-widget-container\">\n\t\t\t\t\t\t\t<p>DISPOSITIF D\u00c9PLOYANT 32 VUES DIFF\u00c9RENCI\u00c9ES MAIS SOLIDAIRES (FRESQUE<br \/>OPTIQUE) DONT CHAQUE FRAGMENT EST ACCOMPAGN\u00c9 PAR UNE R\u00c9F\u00c9RENCE EN MICRO<br \/>PHYSIQUE EXTRAIT DE LA TOILE (WEB) ET AJOUT\u00c9 DE MANI\u00c8RE AL\u00c9ATOIRE EN UNE SUITE<br \/>QUI PARA\u00ceT LOGIQUE ( 32 \u00e9nonc\u00e9s)<\/p>\t\t\t\t\t\t<\/div>\n\t\t\t\t<\/div>\n\t\t\t\t\t<\/div>\n\t\t<\/div>\n\t\t\t\t<div class=\"elementor-column elementor-col-50 elementor-top-column elementor-element elementor-element-c4de1fb\" data-id=\"c4de1fb\" data-element_type=\"column\">\n\t\t\t<div class=\"elementor-widget-wrap\">\n\t\t\t\t\t\t\t\t\t<\/div>\n\t\t<\/div>\n\t\t\t\t\t\t\t<\/div>\n\t\t<\/section>\n\t\t\t\t<section class=\"elementor-section elementor-top-section elementor-element elementor-element-3f6867d elementor-section-boxed elementor-section-height-default elementor-section-height-default\" data-id=\"3f6867d\" data-element_type=\"section\">\n\t\t\t\t\t\t<div class=\"elementor-container elementor-column-gap-default\">\n\t\t\t\t\t<div class=\"elementor-column elementor-col-50 elementor-top-column elementor-element elementor-element-11e805f\" data-id=\"11e805f\" data-element_type=\"column\">\n\t\t\t<div class=\"elementor-widget-wrap elementor-element-populated\">\n\t\t\t\t\t\t\t\t<div class=\"elementor-element elementor-element-5f9e536 elementor-widget elementor-widget-image\" data-id=\"5f9e536\" data-element_type=\"widget\" data-widget_type=\"image.default\">\n\t\t\t\t<div class=\"elementor-widget-container\">\n\t\t\t\t\t\t\t\t\t\t\t\t<figure class=\"wp-caption\">\n\t\t\t\t\t\t\t\t\t\t<img loading=\"lazy\" decoding=\"async\" width=\"707\" height=\"1000\" src=\"http:\/\/duvisuel.ch\/fotoscope\/wp-content\/uploads\/2022\/02\/Sans-titre-101bjpg-copie.jpg\" class=\"attachment-medium_large size-medium_large\" alt=\"\" srcset=\"http:\/\/duvisuel.ch\/fotoscope\/wp-content\/uploads\/2022\/02\/Sans-titre-101bjpg-copie.jpg 707w, http:\/\/duvisuel.ch\/fotoscope\/wp-content\/uploads\/2022\/02\/Sans-titre-101bjpg-copie-212x300.jpg 212w\" sizes=\"auto, (max-width: 707px) 100vw, 707px\" \/>\t\t\t\t\t\t\t\t\t\t\t<figcaption class=\"widget-image-caption wp-caption-text\">No.29\nde la s\u00e9rie &gt; phosphorescence<\/figcaption>\n\t\t\t\t\t\t\t\t\t\t<\/figure>\n\t\t\t\t\t\t\t\t\t<\/div>\n\t\t\t\t<\/div>\n\t\t\t\t\t<\/div>\n\t\t<\/div>\n\t\t\t\t<div class=\"elementor-column elementor-col-50 elementor-top-column elementor-element elementor-element-c4fd87c\" data-id=\"c4fd87c\" data-element_type=\"column\">\n\t\t\t<div class=\"elementor-widget-wrap elementor-element-populated\">\n\t\t\t\t\t\t\t\t<div class=\"elementor-element elementor-element-2365c33 elementor-widget elementor-widget-text-editor\" data-id=\"2365c33\" data-element_type=\"widget\" data-widget_type=\"text-editor.default\">\n\t\t\t\t<div class=\"elementor-widget-container\">\n\t\t\t\t\t\t\t<p style=\"text-align: left;\"><span style=\"font-size: 24pt;\"><span style=\"font-family: helvetica, arial, sans-serif;\"><em>..<span style=\"font-size: 12pt;\">..<\/span><\/em><\/span><\/span><\/p>\n<p style=\"text-align: left;\"><span style=\"font-size: 24pt;\"><span style=\"font-size: 12pt;\">DE SORTE QUE L\u2019ENSEMBLE DES FR\u00c9QUENCES \u00c9MISES<\/span><\/span><br><span style=\"font-size: 12pt;\">OU ABSORB\u00c9ES PAR UN \u00c9L\u00c9MENT<\/span><br><span style=\"font-size: 12pt;\">CONSTITUE SON SPECTRE OPTIQUE<\/span><br><span style=\"font-size: 12pt;\">QUI EST PROPRE \u00c0 CHAQUE \u00c9L\u00c9MENT CHIMIQUE&#8230;<\/span><\/p>\t\t\t\t\t\t<\/div>\n\t\t\t\t<\/div>\n\t\t\t\t\t<\/div>\n\t\t<\/div>\n\t\t\t\t\t\t\t<\/div>\n\t\t<\/section>\n\t\t\t\t<section class=\"elementor-section elementor-top-section elementor-element elementor-element-a6e18f7 elementor-section-boxed elementor-section-height-default elementor-section-height-default\" data-id=\"a6e18f7\" data-element_type=\"section\">\n\t\t\t\t\t\t<div class=\"elementor-container elementor-column-gap-default\">\n\t\t\t\t\t<div class=\"elementor-column elementor-col-50 elementor-top-column elementor-element elementor-element-5d5f18c\" data-id=\"5d5f18c\" data-element_type=\"column\">\n\t\t\t<div class=\"elementor-widget-wrap elementor-element-populated\">\n\t\t\t\t\t\t\t\t<div class=\"elementor-element elementor-element-c4e6255 elementor-widget elementor-widget-text-editor\" data-id=\"c4e6255\" data-element_type=\"widget\" data-widget_type=\"text-editor.default\">\n\t\t\t\t<div class=\"elementor-widget-container\">\n\t\t\t\t\t\t\t<p>Effet Moir\u00e9<\/p><p>Projection d\u2019un accrochage outdoor &gt; bloc de 8 images par panneau<br \/>Il faudrait 4 panneaux pour donner \u00e0 voir la fresque enti\u00e8re (32 images)<br \/>Au verso de chaque panneau pourrait figurer le texte correspondant \u00e0 chaque image<\/p>\t\t\t\t\t\t<\/div>\n\t\t\t\t<\/div>\n\t\t\t\t\t<\/div>\n\t\t<\/div>\n\t\t\t\t<div class=\"elementor-column elementor-col-50 elementor-top-column elementor-element elementor-element-42c4724\" data-id=\"42c4724\" data-element_type=\"column\">\n\t\t\t<div class=\"elementor-widget-wrap elementor-element-populated\">\n\t\t\t\t\t\t\t\t<div class=\"elementor-element elementor-element-a5b949f elementor-widget elementor-widget-image\" data-id=\"a5b949f\" data-element_type=\"widget\" data-widget_type=\"image.default\">\n\t\t\t\t<div class=\"elementor-widget-container\">\n\t\t\t\t\t\t\t\t\t\t\t\t<figure class=\"wp-caption\">\n\t\t\t\t\t\t\t\t\t\t<img loading=\"lazy\" decoding=\"async\" width=\"768\" height=\"512\" src=\"http:\/\/duvisuel.ch\/fotoscope\/wp-content\/uploads\/2022\/02\/PHOSPHO-2-copie-2-768x512.jpg\" class=\"attachment-medium_large size-medium_large\" alt=\"\" srcset=\"http:\/\/duvisuel.ch\/fotoscope\/wp-content\/uploads\/2022\/02\/PHOSPHO-2-copie-2-768x512.jpg 768w, http:\/\/duvisuel.ch\/fotoscope\/wp-content\/uploads\/2022\/02\/PHOSPHO-2-copie-2-300x200.jpg 300w, http:\/\/duvisuel.ch\/fotoscope\/wp-content\/uploads\/2022\/02\/PHOSPHO-2-copie-2-1024x683.jpg 1024w, http:\/\/duvisuel.ch\/fotoscope\/wp-content\/uploads\/2022\/02\/PHOSPHO-2-copie-2.jpg 1200w\" sizes=\"auto, (max-width: 768px) 100vw, 768px\" \/>\t\t\t\t\t\t\t\t\t\t\t<figcaption class=\"widget-image-caption wp-caption-text\">projection mirage\nespace public<\/figcaption>\n\t\t\t\t\t\t\t\t\t\t<\/figure>\n\t\t\t\t\t\t\t\t\t<\/div>\n\t\t\t\t<\/div>\n\t\t\t\t\t<\/div>\n\t\t<\/div>\n\t\t\t\t\t\t\t<\/div>\n\t\t<\/section>\n\t\t\t\t<section class=\"elementor-section elementor-top-section elementor-element elementor-element-f821ee4 elementor-section-boxed elementor-section-height-default elementor-section-height-default\" data-id=\"f821ee4\" data-element_type=\"section\">\n\t\t\t\t\t\t<div class=\"elementor-container elementor-column-gap-default\">\n\t\t\t\t\t<div class=\"elementor-column elementor-col-50 elementor-top-column elementor-element elementor-element-edf4b93\" data-id=\"edf4b93\" data-element_type=\"column\">\n\t\t\t<div class=\"elementor-widget-wrap elementor-element-populated\">\n\t\t\t\t\t\t\t\t<div class=\"elementor-element elementor-element-8ad1eb7 elementor-widget elementor-widget-image\" data-id=\"8ad1eb7\" data-element_type=\"widget\" data-widget_type=\"image.default\">\n\t\t\t\t<div class=\"elementor-widget-container\">\n\t\t\t\t\t\t\t\t\t\t\t\t<figure class=\"wp-caption\">\n\t\t\t\t\t\t\t\t\t\t\t<a href=\"http:\/\/duvisuel.ch\/fotoscope\/wp-content\/uploads\/2022\/02\/DISPLAY-POSTCARDjpg-copie.jpg\" data-elementor-open-lightbox=\"yes\" data-elementor-lightbox-title=\"DISPLAY-POSTCARDjpg copie\">\n\t\t\t\t\t\t\t<img loading=\"lazy\" decoding=\"async\" width=\"768\" height=\"830\" src=\"http:\/\/duvisuel.ch\/fotoscope\/wp-content\/uploads\/2022\/02\/DISPLAY-POSTCARDjpg-copie-768x830.jpg\" class=\"attachment-medium_large size-medium_large\" alt=\"\" srcset=\"http:\/\/duvisuel.ch\/fotoscope\/wp-content\/uploads\/2022\/02\/DISPLAY-POSTCARDjpg-copie-768x830.jpg 768w, http:\/\/duvisuel.ch\/fotoscope\/wp-content\/uploads\/2022\/02\/DISPLAY-POSTCARDjpg-copie-278x300.jpg 278w, http:\/\/duvisuel.ch\/fotoscope\/wp-content\/uploads\/2022\/02\/DISPLAY-POSTCARDjpg-copie.jpg 925w\" sizes=\"auto, (max-width: 768px) 100vw, 768px\" \/>\t\t\t\t\t\t\t\t<\/a>\n\t\t\t\t\t\t\t\t\t\t\t<figcaption class=\"widget-image-caption wp-caption-text\">produits d\u00e9riv\u00e9s&gt;  cartes postales A 6 ou A5<\/figcaption>\n\t\t\t\t\t\t\t\t\t\t<\/figure>\n\t\t\t\t\t\t\t\t\t<\/div>\n\t\t\t\t<\/div>\n\t\t\t\t\t<\/div>\n\t\t<\/div>\n\t\t\t\t<div class=\"elementor-column elementor-col-50 elementor-top-column elementor-element elementor-element-324e07c\" data-id=\"324e07c\" data-element_type=\"column\">\n\t\t\t<div class=\"elementor-widget-wrap\">\n\t\t\t\t\t\t\t\t\t<\/div>\n\t\t<\/div>\n\t\t\t\t\t\t\t<\/div>\n\t\t<\/section>\n\t\t\t\t\t\t<\/div>\n\t\t\t\t\t<\/div>\n\t\t","protected":false},"excerpt":{"rendered":"<p>PHOSPHORESCENCE (territoire liquide) projet de fresque\u00a0 (x32) &#8211; 42x60cm\/imageOc\u00e9 Fine Art Paper 120g\/m\u00b2 -Papier textur\u00e9 de haute qualit\u00e9_prix impression fresque ( 32 images) : 900 frsAccrochage des tirages bruts avec clous extra fins &#8211; (si espace\/mur indoor) DISPOSITIF D\u00c9PLOYANT 32 VUES DIFF\u00c9RENCI\u00c9ES MAIS SOLIDAIRES (FRESQUEOPTIQUE) DONT CHAQUE FRAGMENT EST ACCOMPAGN\u00c9 PAR UNE R\u00c9F\u00c9RENCE EN MICROPHYSIQUE &hellip;<\/p>\n<p class=\"read-more\"> <a class=\"\" href=\"http:\/\/duvisuel.ch\/fotoscope\/phosphorescence\/\"> <span class=\"screen-reader-text\">phosphorescence<\/span> Lire la suite\u00a0\u00bb<\/a><\/p>\n","protected":false},"author":1,"featured_media":0,"parent":0,"menu_order":0,"comment_status":"closed","ping_status":"closed","template":"","meta":{"site-sidebar-layout":"default","site-content-layout":"default","ast-main-header-display":"","ast-hfb-above-header-display":"","ast-hfb-below-header-display":"","ast-hfb-mobile-header-display":"","site-post-title":"","ast-breadcrumbs-content":"","ast-featured-img":"","footer-sml-layout":"","theme-transparent-header-meta":"","adv-header-id-meta":"","stick-header-meta":"","header-above-stick-meta":"","header-main-stick-meta":"","header-below-stick-meta":"","footnotes":""},"class_list":["post-1500","page","type-page","status-publish","hentry"],"_links":{"self":[{"href":"http:\/\/duvisuel.ch\/fotoscope\/wp-json\/wp\/v2\/pages\/1500","targetHints":{"allow":["GET"]}}],"collection":[{"href":"http:\/\/duvisuel.ch\/fotoscope\/wp-json\/wp\/v2\/pages"}],"about":[{"href":"http:\/\/duvisuel.ch\/fotoscope\/wp-json\/wp\/v2\/types\/page"}],"author":[{"embeddable":true,"href":"http:\/\/duvisuel.ch\/fotoscope\/wp-json\/wp\/v2\/users\/1"}],"replies":[{"embeddable":true,"href":"http:\/\/duvisuel.ch\/fotoscope\/wp-json\/wp\/v2\/comments?post=1500"}],"version-history":[{"count":49,"href":"http:\/\/duvisuel.ch\/fotoscope\/wp-json\/wp\/v2\/pages\/1500\/revisions"}],"predecessor-version":[{"id":4085,"href":"http:\/\/duvisuel.ch\/fotoscope\/wp-json\/wp\/v2\/pages\/1500\/revisions\/4085"}],"wp:attachment":[{"href":"http:\/\/duvisuel.ch\/fotoscope\/wp-json\/wp\/v2\/media?parent=1500"}],"curies":[{"name":"wp","href":"https:\/\/api.w.org\/{rel}","templated":true}]}}