{"id":2016,"date":"2022-03-21T20:45:52","date_gmt":"2022-03-21T19:45:52","guid":{"rendered":"http:\/\/duvisuel.ch\/fotoscope\/?page_id=2016"},"modified":"2022-06-06T21:25:47","modified_gmt":"2022-06-06T19:25:47","slug":"river","status":"publish","type":"page","link":"http:\/\/duvisuel.ch\/fotoscope\/river\/","title":{"rendered":"river"},"content":{"rendered":"\t\t<div data-elementor-type=\"wp-page\" data-elementor-id=\"2016\" class=\"elementor elementor-2016\" data-elementor-settings=\"[]\">\n\t\t\t\t\t\t\t<div class=\"elementor-section-wrap\">\n\t\t\t\t\t\t\t<section class=\"elementor-section elementor-top-section elementor-element elementor-element-512686b elementor-section-boxed elementor-section-height-default elementor-section-height-default\" data-id=\"512686b\" data-element_type=\"section\">\n\t\t\t\t\t\t<div class=\"elementor-container elementor-column-gap-default\">\n\t\t\t\t\t<div class=\"elementor-column elementor-col-100 elementor-top-column elementor-element elementor-element-1f16082\" data-id=\"1f16082\" data-element_type=\"column\">\n\t\t\t<div class=\"elementor-widget-wrap elementor-element-populated\">\n\t\t\t\t\t\t\t\t<div class=\"elementor-element elementor-element-fc6bd3b gallery-spacing-custom e-transform elementor-widget elementor-widget-image-gallery\" data-id=\"fc6bd3b\" data-element_type=\"widget\" data-settings=\"{&quot;_transform_translateX_effect&quot;:{&quot;unit&quot;:&quot;px&quot;,&quot;size&quot;:1,&quot;sizes&quot;:[]},&quot;_transform_translateY_effect&quot;:{&quot;unit&quot;:&quot;px&quot;,&quot;size&quot;:114,&quot;sizes&quot;:[]},&quot;_transform_translateX_effect_tablet&quot;:{&quot;unit&quot;:&quot;px&quot;,&quot;size&quot;:&quot;&quot;,&quot;sizes&quot;:[]},&quot;_transform_translateX_effect_mobile&quot;:{&quot;unit&quot;:&quot;px&quot;,&quot;size&quot;:&quot;&quot;,&quot;sizes&quot;:[]},&quot;_transform_translateY_effect_tablet&quot;:{&quot;unit&quot;:&quot;px&quot;,&quot;size&quot;:&quot;&quot;,&quot;sizes&quot;:[]},&quot;_transform_translateY_effect_mobile&quot;:{&quot;unit&quot;:&quot;px&quot;,&quot;size&quot;:&quot;&quot;,&quot;sizes&quot;:[]}}\" data-widget_type=\"image-gallery.default\">\n\t\t\t\t<div class=\"elementor-widget-container\">\n\t\t\t<style>\/*! elementor - v3.5.5 - 03-02-2022 *\/\n.elementor-image-gallery .gallery-item{display:inline-block;text-align:center;vertical-align:top;width:100%;max-width:100%;margin:0 auto}.elementor-image-gallery .gallery-item img{margin:0 auto}.elementor-image-gallery .gallery-item .gallery-caption{margin:0}.elementor-image-gallery figure img{display:block}.elementor-image-gallery figure figcaption{width:100%}.gallery-spacing-custom .elementor-image-gallery .gallery-icon{padding:0}@media (min-width:768px){.elementor-image-gallery .gallery-columns-2 .gallery-item{max-width:50%}.elementor-image-gallery .gallery-columns-3 .gallery-item{max-width:33.33%}.elementor-image-gallery .gallery-columns-4 .gallery-item{max-width:25%}.elementor-image-gallery .gallery-columns-5 .gallery-item{max-width:20%}.elementor-image-gallery .gallery-columns-6 .gallery-item{max-width:16.666%}.elementor-image-gallery .gallery-columns-7 .gallery-item{max-width:14.28%}.elementor-image-gallery .gallery-columns-8 .gallery-item{max-width:12.5%}.elementor-image-gallery .gallery-columns-9 .gallery-item{max-width:11.11%}.elementor-image-gallery .gallery-columns-10 .gallery-item{max-width:10%}}@media (min-width:480px) and (max-width:767px){.elementor-image-gallery .gallery.gallery-columns-2 .gallery-item,.elementor-image-gallery .gallery.gallery-columns-3 .gallery-item,.elementor-image-gallery .gallery.gallery-columns-4 .gallery-item,.elementor-image-gallery .gallery.gallery-columns-5 .gallery-item,.elementor-image-gallery .gallery.gallery-columns-6 .gallery-item,.elementor-image-gallery .gallery.gallery-columns-7 .gallery-item,.elementor-image-gallery .gallery.gallery-columns-8 .gallery-item,.elementor-image-gallery .gallery.gallery-columns-9 .gallery-item,.elementor-image-gallery .gallery.gallery-columns-10 .gallery-item{max-width:50%}}@media (max-width:479px){.elementor-image-gallery .gallery.gallery-columns-2 .gallery-item,.elementor-image-gallery .gallery.gallery-columns-3 .gallery-item,.elementor-image-gallery .gallery.gallery-columns-4 .gallery-item,.elementor-image-gallery .gallery.gallery-columns-5 .gallery-item,.elementor-image-gallery .gallery.gallery-columns-6 .gallery-item,.elementor-image-gallery .gallery.gallery-columns-7 .gallery-item,.elementor-image-gallery .gallery.gallery-columns-8 .gallery-item,.elementor-image-gallery .gallery.gallery-columns-9 .gallery-item,.elementor-image-gallery .gallery.gallery-columns-10 .gallery-item{max-width:100%}}<\/style>\t\t<div class=\"elementor-image-gallery\">\n\t\t\t<div id='gallery-1' class='gallery galleryid-2016 gallery-columns-3 gallery-size-medium_large'><figure class='gallery-item'>\n\t\t\t<div class='gallery-icon landscape'>\n\t\t\t\t<a data-elementor-open-lightbox=\"yes\" data-elementor-lightbox-slideshow=\"fc6bd3b\" data-elementor-lightbox-title=\"mouvement_1\" href='http:\/\/duvisuel.ch\/fotoscope\/wp-content\/uploads\/2022\/03\/e_2-copie-W.jpg'><img loading=\"lazy\" decoding=\"async\" width=\"768\" height=\"576\" src=\"http:\/\/duvisuel.ch\/fotoscope\/wp-content\/uploads\/2022\/03\/e_2-copie-W-768x576.jpg\" class=\"attachment-medium_large size-medium_large\" alt=\"\" srcset=\"http:\/\/duvisuel.ch\/fotoscope\/wp-content\/uploads\/2022\/03\/e_2-copie-W-768x576.jpg 768w, http:\/\/duvisuel.ch\/fotoscope\/wp-content\/uploads\/2022\/03\/e_2-copie-W-300x225.jpg 300w, http:\/\/duvisuel.ch\/fotoscope\/wp-content\/uploads\/2022\/03\/e_2-copie-W-520x390.jpg 520w, http:\/\/duvisuel.ch\/fotoscope\/wp-content\/uploads\/2022\/03\/e_2-copie-W-940x705.jpg 940w, http:\/\/duvisuel.ch\/fotoscope\/wp-content\/uploads\/2022\/03\/e_2-copie-W.jpg 1000w\" sizes=\"auto, (max-width: 768px) 100vw, 768px\" \/><\/a>\n\t\t\t<\/div><\/figure><figure class='gallery-item'>\n\t\t\t<div class='gallery-icon landscape'>\n\t\t\t\t<a data-elementor-open-lightbox=\"yes\" data-elementor-lightbox-slideshow=\"fc6bd3b\" data-elementor-lightbox-title=\"mouvement_2\" href='http:\/\/duvisuel.ch\/fotoscope\/wp-content\/uploads\/2022\/03\/reel4-copie.jpg'><img loading=\"lazy\" decoding=\"async\" width=\"768\" height=\"576\" src=\"http:\/\/duvisuel.ch\/fotoscope\/wp-content\/uploads\/2022\/03\/reel4-copie-768x576.jpg\" class=\"attachment-medium_large size-medium_large\" alt=\"\" srcset=\"http:\/\/duvisuel.ch\/fotoscope\/wp-content\/uploads\/2022\/03\/reel4-copie-768x576.jpg 768w, http:\/\/duvisuel.ch\/fotoscope\/wp-content\/uploads\/2022\/03\/reel4-copie-300x225.jpg 300w, http:\/\/duvisuel.ch\/fotoscope\/wp-content\/uploads\/2022\/03\/reel4-copie-520x390.jpg 520w, http:\/\/duvisuel.ch\/fotoscope\/wp-content\/uploads\/2022\/03\/reel4-copie-940x705.jpg 940w, http:\/\/duvisuel.ch\/fotoscope\/wp-content\/uploads\/2022\/03\/reel4-copie.jpg 1000w\" sizes=\"auto, (max-width: 768px) 100vw, 768px\" \/><\/a>\n\t\t\t<\/div><\/figure><figure class='gallery-item'>\n\t\t\t<div class='gallery-icon landscape'>\n\t\t\t\t<a data-elementor-open-lightbox=\"yes\" data-elementor-lightbox-slideshow=\"fc6bd3b\" data-elementor-lightbox-title=\"mouvement_3\" href='http:\/\/duvisuel.ch\/fotoscope\/wp-content\/uploads\/2022\/03\/e_4jpg-copie.-Wjpg.jpg'><img loading=\"lazy\" decoding=\"async\" width=\"768\" height=\"576\" src=\"http:\/\/duvisuel.ch\/fotoscope\/wp-content\/uploads\/2022\/03\/e_4jpg-copie.-Wjpg-768x576.jpg\" class=\"attachment-medium_large size-medium_large\" alt=\"\" srcset=\"http:\/\/duvisuel.ch\/fotoscope\/wp-content\/uploads\/2022\/03\/e_4jpg-copie.-Wjpg-768x576.jpg 768w, http:\/\/duvisuel.ch\/fotoscope\/wp-content\/uploads\/2022\/03\/e_4jpg-copie.-Wjpg-300x225.jpg 300w, http:\/\/duvisuel.ch\/fotoscope\/wp-content\/uploads\/2022\/03\/e_4jpg-copie.-Wjpg-520x390.jpg 520w, http:\/\/duvisuel.ch\/fotoscope\/wp-content\/uploads\/2022\/03\/e_4jpg-copie.-Wjpg-940x705.jpg 940w, http:\/\/duvisuel.ch\/fotoscope\/wp-content\/uploads\/2022\/03\/e_4jpg-copie.-Wjpg.jpg 1000w\" sizes=\"auto, (max-width: 768px) 100vw, 768px\" \/><\/a>\n\t\t\t<\/div><\/figure><figure class='gallery-item'>\n\t\t\t<div class='gallery-icon landscape'>\n\t\t\t\t<a data-elementor-open-lightbox=\"yes\" data-elementor-lightbox-slideshow=\"fc6bd3b\" data-elementor-lightbox-title=\"mouvement_4\" href='http:\/\/duvisuel.ch\/fotoscope\/wp-content\/uploads\/2022\/03\/e_6jpg9i-copie-E.jpg'><img loading=\"lazy\" decoding=\"async\" width=\"768\" height=\"576\" src=\"http:\/\/duvisuel.ch\/fotoscope\/wp-content\/uploads\/2022\/03\/e_6jpg9i-copie-E-768x576.jpg\" class=\"attachment-medium_large size-medium_large\" alt=\"\" srcset=\"http:\/\/duvisuel.ch\/fotoscope\/wp-content\/uploads\/2022\/03\/e_6jpg9i-copie-E-768x576.jpg 768w, http:\/\/duvisuel.ch\/fotoscope\/wp-content\/uploads\/2022\/03\/e_6jpg9i-copie-E-300x225.jpg 300w, http:\/\/duvisuel.ch\/fotoscope\/wp-content\/uploads\/2022\/03\/e_6jpg9i-copie-E-520x390.jpg 520w, http:\/\/duvisuel.ch\/fotoscope\/wp-content\/uploads\/2022\/03\/e_6jpg9i-copie-E-940x705.jpg 940w, http:\/\/duvisuel.ch\/fotoscope\/wp-content\/uploads\/2022\/03\/e_6jpg9i-copie-E.jpg 1000w\" sizes=\"auto, (max-width: 768px) 100vw, 768px\" \/><\/a>\n\t\t\t<\/div><\/figure><figure class='gallery-item'>\n\t\t\t<div class='gallery-icon landscape'>\n\t\t\t\t<a data-elementor-open-lightbox=\"yes\" data-elementor-lightbox-slideshow=\"fc6bd3b\" data-elementor-lightbox-title=\"mouvement_5\" href='http:\/\/duvisuel.ch\/fotoscope\/wp-content\/uploads\/2022\/03\/e_6jpg-copie.jpg'><img loading=\"lazy\" decoding=\"async\" width=\"768\" height=\"576\" src=\"http:\/\/duvisuel.ch\/fotoscope\/wp-content\/uploads\/2022\/03\/e_6jpg-copie-768x576.jpg\" class=\"attachment-medium_large size-medium_large\" alt=\"\" srcset=\"http:\/\/duvisuel.ch\/fotoscope\/wp-content\/uploads\/2022\/03\/e_6jpg-copie-768x576.jpg 768w, http:\/\/duvisuel.ch\/fotoscope\/wp-content\/uploads\/2022\/03\/e_6jpg-copie-300x225.jpg 300w, http:\/\/duvisuel.ch\/fotoscope\/wp-content\/uploads\/2022\/03\/e_6jpg-copie-520x390.jpg 520w, http:\/\/duvisuel.ch\/fotoscope\/wp-content\/uploads\/2022\/03\/e_6jpg-copie-940x705.jpg 940w, http:\/\/duvisuel.ch\/fotoscope\/wp-content\/uploads\/2022\/03\/e_6jpg-copie.jpg 1000w\" sizes=\"auto, (max-width: 768px) 100vw, 768px\" \/><\/a>\n\t\t\t<\/div><\/figure><figure class='gallery-item'>\n\t\t\t<div class='gallery-icon landscape'>\n\t\t\t\t<a data-elementor-open-lightbox=\"yes\" data-elementor-lightbox-slideshow=\"fc6bd3b\" data-elementor-lightbox-title=\"mouvement_6\" href='http:\/\/duvisuel.ch\/fotoscope\/wp-content\/uploads\/2022\/03\/e_1-copie-W.jpg'><img loading=\"lazy\" decoding=\"async\" width=\"768\" height=\"576\" src=\"http:\/\/duvisuel.ch\/fotoscope\/wp-content\/uploads\/2022\/03\/e_1-copie-W-768x576.jpg\" class=\"attachment-medium_large size-medium_large\" alt=\"\" srcset=\"http:\/\/duvisuel.ch\/fotoscope\/wp-content\/uploads\/2022\/03\/e_1-copie-W-768x576.jpg 768w, http:\/\/duvisuel.ch\/fotoscope\/wp-content\/uploads\/2022\/03\/e_1-copie-W-300x225.jpg 300w, http:\/\/duvisuel.ch\/fotoscope\/wp-content\/uploads\/2022\/03\/e_1-copie-W-520x390.jpg 520w, http:\/\/duvisuel.ch\/fotoscope\/wp-content\/uploads\/2022\/03\/e_1-copie-W-940x705.jpg 940w, http:\/\/duvisuel.ch\/fotoscope\/wp-content\/uploads\/2022\/03\/e_1-copie-W.jpg 1000w\" sizes=\"auto, (max-width: 768px) 100vw, 768px\" \/><\/a>\n\t\t\t<\/div><\/figure>\n\t\t<\/div>\n\t\t<\/div>\n\t\t\t\t<\/div>\n\t\t\t\t<\/div>\n\t\t\t\t\t<\/div>\n\t\t<\/div>\n\t\t\t\t\t\t\t<\/div>\n\t\t<\/section>\n\t\t\t\t<section class=\"elementor-section elementor-top-section elementor-element elementor-element-ee03660 elementor-section-boxed elementor-section-height-default elementor-section-height-default\" data-id=\"ee03660\" data-element_type=\"section\">\n\t\t\t\t\t\t<div class=\"elementor-container elementor-column-gap-default\">\n\t\t\t\t\t<div class=\"elementor-column elementor-col-100 elementor-top-column elementor-element elementor-element-dfc8480\" data-id=\"dfc8480\" data-element_type=\"column\">\n\t\t\t<div class=\"elementor-widget-wrap elementor-element-populated\">\n\t\t\t\t\t\t\t\t<div class=\"elementor-element elementor-element-fa6dead e-transform elementor-widget elementor-widget-text-editor\" data-id=\"fa6dead\" data-element_type=\"widget\" data-settings=\"{&quot;_transform_translateY_effect&quot;:{&quot;unit&quot;:&quot;px&quot;,&quot;size&quot;:104,&quot;sizes&quot;:[]},&quot;_transform_translateX_effect&quot;:{&quot;unit&quot;:&quot;px&quot;,&quot;size&quot;:&quot;&quot;,&quot;sizes&quot;:[]},&quot;_transform_translateX_effect_tablet&quot;:{&quot;unit&quot;:&quot;px&quot;,&quot;size&quot;:&quot;&quot;,&quot;sizes&quot;:[]},&quot;_transform_translateX_effect_mobile&quot;:{&quot;unit&quot;:&quot;px&quot;,&quot;size&quot;:&quot;&quot;,&quot;sizes&quot;:[]},&quot;_transform_translateY_effect_tablet&quot;:{&quot;unit&quot;:&quot;px&quot;,&quot;size&quot;:&quot;&quot;,&quot;sizes&quot;:[]},&quot;_transform_translateY_effect_mobile&quot;:{&quot;unit&quot;:&quot;px&quot;,&quot;size&quot;:&quot;&quot;,&quot;sizes&quot;:[]}}\" data-widget_type=\"text-editor.default\">\n\t\t\t\t<div class=\"elementor-widget-container\">\n\t\t\t<style>\/*! elementor - v3.5.5 - 03-02-2022 *\/\n.elementor-widget-text-editor.elementor-drop-cap-view-stacked .elementor-drop-cap{background-color:#818a91;color:#fff}.elementor-widget-text-editor.elementor-drop-cap-view-framed .elementor-drop-cap{color:#818a91;border:3px solid;background-color:transparent}.elementor-widget-text-editor:not(.elementor-drop-cap-view-default) .elementor-drop-cap{margin-top:8px}.elementor-widget-text-editor:not(.elementor-drop-cap-view-default) .elementor-drop-cap-letter{width:1em;height:1em}.elementor-widget-text-editor .elementor-drop-cap{float:left;text-align:center;line-height:1;font-size:50px}.elementor-widget-text-editor .elementor-drop-cap-letter{display:inline-block}<\/style>\t\t\t\t<p><span style=\"font-family: helvetica, arial, sans-serif;\">Co\u00efncidences (au bord de l&rsquo;Arve, 2021) &#8211; couleur et mouvement I-II<\/span><\/p>\t\t\t\t\t\t<\/div>\n\t\t\t\t<\/div>\n\t\t\t\t\t<\/div>\n\t\t<\/div>\n\t\t\t\t\t\t\t<\/div>\n\t\t<\/section>\n\t\t\t\t<section class=\"elementor-section elementor-top-section elementor-element elementor-element-2c95636 elementor-section-boxed elementor-section-height-default elementor-section-height-default\" data-id=\"2c95636\" data-element_type=\"section\">\n\t\t\t\t\t\t<div class=\"elementor-container elementor-column-gap-default\">\n\t\t\t\t\t<div class=\"elementor-column elementor-col-100 elementor-top-column elementor-element elementor-element-dac4891\" data-id=\"dac4891\" data-element_type=\"column\">\n\t\t\t<div class=\"elementor-widget-wrap elementor-element-populated\">\n\t\t\t\t\t\t\t\t<div class=\"elementor-element elementor-element-374499e gallery-spacing-custom e-transform elementor-widget elementor-widget-image-gallery\" data-id=\"374499e\" data-element_type=\"widget\" data-settings=\"{&quot;_transform_translateY_effect&quot;:{&quot;unit&quot;:&quot;px&quot;,&quot;size&quot;:67,&quot;sizes&quot;:[]},&quot;_transform_translateX_effect&quot;:{&quot;unit&quot;:&quot;px&quot;,&quot;size&quot;:&quot;&quot;,&quot;sizes&quot;:[]},&quot;_transform_translateX_effect_tablet&quot;:{&quot;unit&quot;:&quot;px&quot;,&quot;size&quot;:&quot;&quot;,&quot;sizes&quot;:[]},&quot;_transform_translateX_effect_mobile&quot;:{&quot;unit&quot;:&quot;px&quot;,&quot;size&quot;:&quot;&quot;,&quot;sizes&quot;:[]},&quot;_transform_translateY_effect_tablet&quot;:{&quot;unit&quot;:&quot;px&quot;,&quot;size&quot;:&quot;&quot;,&quot;sizes&quot;:[]},&quot;_transform_translateY_effect_mobile&quot;:{&quot;unit&quot;:&quot;px&quot;,&quot;size&quot;:&quot;&quot;,&quot;sizes&quot;:[]}}\" data-widget_type=\"image-gallery.default\">\n\t\t\t\t<div class=\"elementor-widget-container\">\n\t\t\t\t\t<div class=\"elementor-image-gallery\">\n\t\t\t<div id='gallery-2' class='gallery galleryid-2016 gallery-columns-3 gallery-size-medium_large'><figure class='gallery-item'>\n\t\t\t<div class='gallery-icon landscape'>\n\t\t\t\t<a data-elementor-open-lightbox=\"yes\" data-elementor-lightbox-slideshow=\"374499e\" data-elementor-lightbox-title=\"couleur_1\" href='http:\/\/duvisuel.ch\/fotoscope\/wp-content\/uploads\/2022\/03\/M_34jpg-copie.jpg'><img loading=\"lazy\" decoding=\"async\" width=\"768\" height=\"576\" src=\"http:\/\/duvisuel.ch\/fotoscope\/wp-content\/uploads\/2022\/03\/M_34jpg-copie-768x576.jpg\" class=\"attachment-medium_large size-medium_large\" alt=\"\" srcset=\"http:\/\/duvisuel.ch\/fotoscope\/wp-content\/uploads\/2022\/03\/M_34jpg-copie-768x576.jpg 768w, http:\/\/duvisuel.ch\/fotoscope\/wp-content\/uploads\/2022\/03\/M_34jpg-copie-300x225.jpg 300w, http:\/\/duvisuel.ch\/fotoscope\/wp-content\/uploads\/2022\/03\/M_34jpg-copie-520x390.jpg 520w, http:\/\/duvisuel.ch\/fotoscope\/wp-content\/uploads\/2022\/03\/M_34jpg-copie-940x705.jpg 940w, http:\/\/duvisuel.ch\/fotoscope\/wp-content\/uploads\/2022\/03\/M_34jpg-copie.jpg 1000w\" sizes=\"auto, (max-width: 768px) 100vw, 768px\" \/><\/a>\n\t\t\t<\/div><\/figure><figure class='gallery-item'>\n\t\t\t<div class='gallery-icon landscape'>\n\t\t\t\t<a data-elementor-open-lightbox=\"yes\" data-elementor-lightbox-slideshow=\"374499e\" data-elementor-lightbox-title=\"couleur_2\" href='http:\/\/duvisuel.ch\/fotoscope\/wp-content\/uploads\/2022\/03\/M_6jpg-copie.jpg'><img loading=\"lazy\" decoding=\"async\" width=\"768\" height=\"576\" src=\"http:\/\/duvisuel.ch\/fotoscope\/wp-content\/uploads\/2022\/03\/M_6jpg-copie-768x576.jpg\" class=\"attachment-medium_large size-medium_large\" alt=\"\" srcset=\"http:\/\/duvisuel.ch\/fotoscope\/wp-content\/uploads\/2022\/03\/M_6jpg-copie-768x576.jpg 768w, http:\/\/duvisuel.ch\/fotoscope\/wp-content\/uploads\/2022\/03\/M_6jpg-copie-300x225.jpg 300w, http:\/\/duvisuel.ch\/fotoscope\/wp-content\/uploads\/2022\/03\/M_6jpg-copie-520x390.jpg 520w, http:\/\/duvisuel.ch\/fotoscope\/wp-content\/uploads\/2022\/03\/M_6jpg-copie-940x705.jpg 940w, http:\/\/duvisuel.ch\/fotoscope\/wp-content\/uploads\/2022\/03\/M_6jpg-copie.jpg 1000w\" sizes=\"auto, (max-width: 768px) 100vw, 768px\" \/><\/a>\n\t\t\t<\/div><\/figure><figure class='gallery-item'>\n\t\t\t<div class='gallery-icon landscape'>\n\t\t\t\t<a data-elementor-open-lightbox=\"yes\" data-elementor-lightbox-slideshow=\"374499e\" data-elementor-lightbox-title=\"couleur_3\" href='http:\/\/duvisuel.ch\/fotoscope\/wp-content\/uploads\/2022\/03\/M_3-copie.jpg'><img loading=\"lazy\" decoding=\"async\" width=\"768\" height=\"576\" src=\"http:\/\/duvisuel.ch\/fotoscope\/wp-content\/uploads\/2022\/03\/M_3-copie-768x576.jpg\" class=\"attachment-medium_large size-medium_large\" alt=\"\" srcset=\"http:\/\/duvisuel.ch\/fotoscope\/wp-content\/uploads\/2022\/03\/M_3-copie-768x576.jpg 768w, http:\/\/duvisuel.ch\/fotoscope\/wp-content\/uploads\/2022\/03\/M_3-copie-300x225.jpg 300w, http:\/\/duvisuel.ch\/fotoscope\/wp-content\/uploads\/2022\/03\/M_3-copie-520x390.jpg 520w, http:\/\/duvisuel.ch\/fotoscope\/wp-content\/uploads\/2022\/03\/M_3-copie-940x705.jpg 940w, http:\/\/duvisuel.ch\/fotoscope\/wp-content\/uploads\/2022\/03\/M_3-copie.jpg 1000w\" sizes=\"auto, (max-width: 768px) 100vw, 768px\" \/><\/a>\n\t\t\t<\/div><\/figure><figure class='gallery-item'>\n\t\t\t<div class='gallery-icon landscape'>\n\t\t\t\t<a data-elementor-open-lightbox=\"yes\" data-elementor-lightbox-slideshow=\"374499e\" data-elementor-lightbox-title=\"couleur_4\" href='http:\/\/duvisuel.ch\/fotoscope\/wp-content\/uploads\/2022\/03\/M_2-copie.jpg'><img loading=\"lazy\" decoding=\"async\" width=\"768\" height=\"576\" src=\"http:\/\/duvisuel.ch\/fotoscope\/wp-content\/uploads\/2022\/03\/M_2-copie-768x576.jpg\" class=\"attachment-medium_large size-medium_large\" alt=\"\" srcset=\"http:\/\/duvisuel.ch\/fotoscope\/wp-content\/uploads\/2022\/03\/M_2-copie-768x576.jpg 768w, http:\/\/duvisuel.ch\/fotoscope\/wp-content\/uploads\/2022\/03\/M_2-copie-300x225.jpg 300w, http:\/\/duvisuel.ch\/fotoscope\/wp-content\/uploads\/2022\/03\/M_2-copie-520x390.jpg 520w, http:\/\/duvisuel.ch\/fotoscope\/wp-content\/uploads\/2022\/03\/M_2-copie-940x705.jpg 940w, http:\/\/duvisuel.ch\/fotoscope\/wp-content\/uploads\/2022\/03\/M_2-copie.jpg 1000w\" sizes=\"auto, (max-width: 768px) 100vw, 768px\" \/><\/a>\n\t\t\t<\/div><\/figure><figure class='gallery-item'>\n\t\t\t<div class='gallery-icon landscape'>\n\t\t\t\t<a data-elementor-open-lightbox=\"yes\" data-elementor-lightbox-slideshow=\"374499e\" data-elementor-lightbox-title=\"couleur_5\" href='http:\/\/duvisuel.ch\/fotoscope\/wp-content\/uploads\/2022\/03\/M_1-copie-1.jpg'><img loading=\"lazy\" decoding=\"async\" width=\"768\" height=\"576\" src=\"http:\/\/duvisuel.ch\/fotoscope\/wp-content\/uploads\/2022\/03\/M_1-copie-1-768x576.jpg\" class=\"attachment-medium_large size-medium_large\" alt=\"\" srcset=\"http:\/\/duvisuel.ch\/fotoscope\/wp-content\/uploads\/2022\/03\/M_1-copie-1-768x576.jpg 768w, http:\/\/duvisuel.ch\/fotoscope\/wp-content\/uploads\/2022\/03\/M_1-copie-1-300x225.jpg 300w, http:\/\/duvisuel.ch\/fotoscope\/wp-content\/uploads\/2022\/03\/M_1-copie-1-520x390.jpg 520w, http:\/\/duvisuel.ch\/fotoscope\/wp-content\/uploads\/2022\/03\/M_1-copie-1-940x705.jpg 940w, http:\/\/duvisuel.ch\/fotoscope\/wp-content\/uploads\/2022\/03\/M_1-copie-1.jpg 1000w\" sizes=\"auto, (max-width: 768px) 100vw, 768px\" \/><\/a>\n\t\t\t<\/div><\/figure><figure class='gallery-item'>\n\t\t\t<div class='gallery-icon landscape'>\n\t\t\t\t<a data-elementor-open-lightbox=\"yes\" data-elementor-lightbox-slideshow=\"374499e\" data-elementor-lightbox-title=\"couleur_6\" href='http:\/\/duvisuel.ch\/fotoscope\/wp-content\/uploads\/2022\/03\/Fotoscopes-018-copie.jpg'><img loading=\"lazy\" decoding=\"async\" width=\"768\" height=\"576\" src=\"http:\/\/duvisuel.ch\/fotoscope\/wp-content\/uploads\/2022\/03\/Fotoscopes-018-copie-768x576.jpg\" class=\"attachment-medium_large size-medium_large\" alt=\"\" srcset=\"http:\/\/duvisuel.ch\/fotoscope\/wp-content\/uploads\/2022\/03\/Fotoscopes-018-copie-768x576.jpg 768w, http:\/\/duvisuel.ch\/fotoscope\/wp-content\/uploads\/2022\/03\/Fotoscopes-018-copie-300x225.jpg 300w, http:\/\/duvisuel.ch\/fotoscope\/wp-content\/uploads\/2022\/03\/Fotoscopes-018-copie-520x390.jpg 520w, http:\/\/duvisuel.ch\/fotoscope\/wp-content\/uploads\/2022\/03\/Fotoscopes-018-copie-940x705.jpg 940w, http:\/\/duvisuel.ch\/fotoscope\/wp-content\/uploads\/2022\/03\/Fotoscopes-018-copie.jpg 1000w\" sizes=\"auto, (max-width: 768px) 100vw, 768px\" \/><\/a>\n\t\t\t<\/div><\/figure>\n\t\t<\/div>\n\t\t<\/div>\n\t\t\t\t<\/div>\n\t\t\t\t<\/div>\n\t\t\t\t\t<\/div>\n\t\t<\/div>\n\t\t\t\t\t\t\t<\/div>\n\t\t<\/section>\n\t\t\t\t<section class=\"elementor-section elementor-top-section elementor-element elementor-element-91d0f95 elementor-section-boxed elementor-section-height-default elementor-section-height-default\" data-id=\"91d0f95\" data-element_type=\"section\">\n\t\t\t\t\t\t<div class=\"elementor-container elementor-column-gap-default\">\n\t\t\t\t\t<div class=\"elementor-column elementor-col-100 elementor-top-column elementor-element elementor-element-440d414\" data-id=\"440d414\" data-element_type=\"column\">\n\t\t\t<div class=\"elementor-widget-wrap elementor-element-populated\">\n\t\t\t\t\t\t\t\t<div class=\"elementor-element elementor-element-0394f33 e-transform elementor-widget elementor-widget-text-editor\" data-id=\"0394f33\" data-element_type=\"widget\" data-settings=\"{&quot;_transform_translateY_effect&quot;:{&quot;unit&quot;:&quot;px&quot;,&quot;size&quot;:90,&quot;sizes&quot;:[]},&quot;_transform_translateX_effect&quot;:{&quot;unit&quot;:&quot;px&quot;,&quot;size&quot;:0,&quot;sizes&quot;:[]},&quot;_transform_translateX_effect_tablet&quot;:{&quot;unit&quot;:&quot;px&quot;,&quot;size&quot;:&quot;&quot;,&quot;sizes&quot;:[]},&quot;_transform_translateX_effect_mobile&quot;:{&quot;unit&quot;:&quot;px&quot;,&quot;size&quot;:&quot;&quot;,&quot;sizes&quot;:[]},&quot;_transform_translateY_effect_tablet&quot;:{&quot;unit&quot;:&quot;px&quot;,&quot;size&quot;:&quot;&quot;,&quot;sizes&quot;:[]},&quot;_transform_translateY_effect_mobile&quot;:{&quot;unit&quot;:&quot;px&quot;,&quot;size&quot;:&quot;&quot;,&quot;sizes&quot;:[]}}\" data-widget_type=\"text-editor.default\">\n\t\t\t\t<div class=\"elementor-widget-container\">\n\t\t\t\t\t\t\t<p><span style=\"font-family: helvetica, arial, sans-serif; font-size: 12pt;\">Il (Bruno Elisabeth) montre que tout provient toujours des co\u00efncidences et que nous devons savoir jouer avec le hasard. \u00c0 nous de saisir l&rsquo;\u00e9v\u00e9nement (<i>event<\/i>). Il \u00e9voque Brecht, lequel \u00e9labore les fondements d&rsquo;un art o\u00f9 la nouveaut\u00e9 comme la tradition ne peuvent exister, dans un monde seulement pr\u00e9sent, exact, pr\u00e9cis, ouvert \u00e0 toutes les connexions et surprises.<br \/><\/span><\/p><p>George Brecht, <em>L&rsquo;imagerie du hasard\u00a0<\/em> lPr\u00e9sent\u00e9 et traduit par Bruno Elisabeth.<\/p><p>\u00a0<\/p>\t\t\t\t\t\t<\/div>\n\t\t\t\t<\/div>\n\t\t\t\t\t<\/div>\n\t\t<\/div>\n\t\t\t\t\t\t\t<\/div>\n\t\t<\/section>\n\t\t\t\t\t\t<\/div>\n\t\t\t\t\t<\/div>\n\t\t","protected":false},"excerpt":{"rendered":"<p>Co\u00efncidences (au bord de l&rsquo;Arve, 2021) &#8211; couleur et mouvement I-II Il (Bruno Elisabeth) montre que tout provient toujours des co\u00efncidences et que nous devons savoir jouer avec le hasard. \u00c0 nous de saisir l&rsquo;\u00e9v\u00e9nement (event). Il \u00e9voque Brecht, lequel \u00e9labore les fondements d&rsquo;un art o\u00f9 la nouveaut\u00e9 comme la tradition ne peuvent exister, dans &hellip;<\/p>\n<p class=\"read-more\"> <a class=\"\" href=\"http:\/\/duvisuel.ch\/fotoscope\/river\/\"> <span class=\"screen-reader-text\">river<\/span> Lire la suite\u00a0\u00bb<\/a><\/p>\n","protected":false},"author":1,"featured_media":0,"parent":0,"menu_order":0,"comment_status":"closed","ping_status":"closed","template":"","meta":{"site-sidebar-layout":"default","site-content-layout":"default","ast-main-header-display":"","ast-hfb-above-header-display":"","ast-hfb-below-header-display":"","ast-hfb-mobile-header-display":"","site-post-title":"","ast-breadcrumbs-content":"","ast-featured-img":"","footer-sml-layout":"","theme-transparent-header-meta":"","adv-header-id-meta":"","stick-header-meta":"","header-above-stick-meta":"","header-main-stick-meta":"","header-below-stick-meta":"","footnotes":""},"class_list":["post-2016","page","type-page","status-publish","hentry"],"_links":{"self":[{"href":"http:\/\/duvisuel.ch\/fotoscope\/wp-json\/wp\/v2\/pages\/2016","targetHints":{"allow":["GET"]}}],"collection":[{"href":"http:\/\/duvisuel.ch\/fotoscope\/wp-json\/wp\/v2\/pages"}],"about":[{"href":"http:\/\/duvisuel.ch\/fotoscope\/wp-json\/wp\/v2\/types\/page"}],"author":[{"embeddable":true,"href":"http:\/\/duvisuel.ch\/fotoscope\/wp-json\/wp\/v2\/users\/1"}],"replies":[{"embeddable":true,"href":"http:\/\/duvisuel.ch\/fotoscope\/wp-json\/wp\/v2\/comments?post=2016"}],"version-history":[{"count":61,"href":"http:\/\/duvisuel.ch\/fotoscope\/wp-json\/wp\/v2\/pages\/2016\/revisions"}],"predecessor-version":[{"id":2715,"href":"http:\/\/duvisuel.ch\/fotoscope\/wp-json\/wp\/v2\/pages\/2016\/revisions\/2715"}],"wp:attachment":[{"href":"http:\/\/duvisuel.ch\/fotoscope\/wp-json\/wp\/v2\/media?parent=2016"}],"curies":[{"name":"wp","href":"https:\/\/api.w.org\/{rel}","templated":true}]}}